of 24207460 and 348.
116
Calculate the greatest common factor of 47951946 and 56.
14
What is the greatest common factor of 1123320 and 55870?
370
What is the highest common factor of 45291 and 72107655?
1461
Calculate the greatest common divisor of 29081493 and 63.
63
Calculate the highest common factor of 23272 and 31100119.
2909
Calculate the greatest common factor of 214604 and 1092.
52
Calculate the greatest common divisor of 2514410 and 930.
310
Calculate the highest common divisor of 193256 and 40642.
14
Calculate the greatest common divisor of 76927 and 195001.
1789
Calculate the highest common factor of 2765 and 44885351.
553
What is the highest common factor of 18707013 and 118863?
2529
What is the highest common factor of 795 and 4165429?
53
What is the highest common factor of 16182 and 738612?
18
Calculate the greatest common factor of 6587066 and 434.
62
What is the highest common divisor of 184927088 and 272?
272
Calculate the greatest common divisor of 28 and 3011386.
14
What is the greatest common divisor of 26050200 and 5775?
825
What is the highest common factor of 75070 and 44450?
10
Calculate the highest common divisor of 910 and 870830.
10
Calculate the highest common divisor of 28136 and 106016.
8
Calculate the highest common divisor of 7 and 112376656.
7
What is the greatest common divisor of 207 and 29743209?
207
Calculate the greatest common factor of 22 and 752271982.
22
Calculate the highest common factor of 2670 and 691320.
30
What is the highest common divisor of 126353911 and 1751?
1751
What is the greatest common factor of 8198099 and 585?
13
Calculate the greatest common divisor of 18511498 and 30.
2
What is the greatest common divisor of 6893 and 25681?
61
What is the greatest common factor of 51510 and 1251795?
255
What is the highest common factor of 7309593 and 24881?
139
What is the highest common divisor of 1345149 and 1989?
117
What is the highest common factor of 252889 and 1082619?
397
Calculate the highest common divisor of 20946972 and 84.
12
What is the greatest common divisor of 1204240077 and 9?
9
Calculate the highest common factor of 22818570 and 120.
30
What is the highest common factor of 66464 and 25141?
31
What is the greatest common factor of 624336 and 9660?
12
What is the highest common factor of 13299 and 150051?
33
Calculate the highest common factor of 37768052 and 7014.
2338
What is the highest common divisor of 1737344115 and 9?
9
What is the highest common factor of 9429 and 44332464?
1347
Calculate the highest common divisor of 74984646 and 231.
33
Calculate the greatest common factor of 9579968 and 16652.
724
What is the highest common factor of 1095367246 and 4804?
2402
What is the highest common divisor of 3082 and 11105987?
1541
What is the greatest common factor of 37899299 and 531?
59
What is the highest common factor of 20 and 1518299620?
20
Calculate the highest common factor of 108 and 4659072804.
108
What is the highest common factor of 48675 and 331698?
177
Calculate the greatest common divisor of 21125 and 85.
5
What is the greatest common factor of 250 and 9257210?
10
Calculate the greatest common factor of 30775778 and 22.
22
What is the greatest common factor of 1343560 and 33560?
40
What is the greatest common factor of 9411 and 442530316?
3137
Calculate the greatest common factor of 4753 and 286503.
49
What is the highest common factor of 3195 and 284781213?
639
What is the greatest common factor of 1154 and 814370299?
577
What is the greatest common factor of 240030 and 1026?
54
What is the highest common divisor of 126608 and 49601?
193
Calculate the greatest common factor of 10438964 and 989.
23
What is the greatest common divisor of 296293 and 49300?
493
Calculate the greatest common divisor of 9824630 and 10.
10
What is the greatest common divisor of 443583 and 322407?
27
What is the greatest common divisor of 5077 and 449431271?
5077
Calculate the greatest common factor of 288 and 3425742.
18
What is the highest common divisor of 6969 and 88176?
3
Calculate the greatest common divisor of 13039 and 144755.
221
Calculate the highest common divisor of 73887436 and 29862.
1106
Calculate the greatest common factor of 1613661356 and 4.
4
Calculate the greatest common factor of 1572688 and 442.
26
Calculate the greatest common factor of 468 and 870532.
52
What is the greatest common factor of 8 and 55070592?
8
Calculate the highest common divisor of 10158367 and 680.
17
Calculate the greatest common divisor of 6101048 and 8395.
73
Calculate the highest common factor of 2277756 and 936.
468
What is the highest common factor of 7134406 and 1102?
58
Calculate the highest common factor of 340029 and 144.
9
What is the highest common divisor of 4908 and 79428?
12
What is the highest common factor of 70 and 1510355?
35
Calculate the highest common divisor of 60 and 29576920.
20
What is the highest common divisor of 155186 and 733379?
2503
What is the highest common divisor of 1791310 and 5393760?
6610
What is the highest common factor of 1512 and 1867023?
27
Calculate the greatest common factor of 54 and 95074857.
27
Calculate the greatest common factor of 546 and 37044.
42
What is the highest common divisor of 10437 and 290925411?
1491
Calculate the highest common divisor of 13674414 and 546.
78
Calculate the highest common divisor of 2181902 and 60262.
58
What is the highest common factor of 4151 and 413479331?
593
Calculate the highest common divisor of 130 and 517192.
26
Calculate the highest common divisor of 4627032 and 192.
24
What is the highest common divisor of 45600 and 746400?
2400
Calculate the highest common divisor of 76 and 146982062.
38
What is the greatest common factor of 5162002169 and 5611?
5611
What is the highest common divisor of 312367 and 354123?
803
Calculate the highest common divisor of 7304 and 90421528.
664
What is the highest common divisor of 65934 and 144078?
2442
Calculate the highest common divisor of 32429412 and 144.
36
What is the highest common divisor of 634804 and 11111172?
4204
What is the highest common divisor of 257377925 and 665?
35
Calculate the greatest common divisor of 986 and 49334.
34
Calculate the greatest common factor of 97500 and 13572.
156
Calculate the highest common factor of 573113 and 453449.
277
What is the highest common factor of 505154 and 4550?
26
Calculate the highest common factor of 3201660 and 2058.
294
What is the greatest common factor of 11 and 76300939?
11
Calculate the greatest common divisor of 3920 and 186870.
10
What is the greatest common factor of 787 and 456043677?
787
What is the greatest common divisor of 243904423 and 833?
119
Calculate the highest common factor of 58497152 and 896.
896
Calculate the highest common divisor of 2475 and 337761.
9
What is the greatest common divisor of 7940433 and 744?
93
Calculate the highest common divisor of 9066 and 29769722.
3022
Calculate the greatest common divisor of 9980719 and 627513.
1919
What is the highest common divisor of 120930 and 220365?
15
What is the greatest common factor of 2026215 and 645?
15
Calculate the highest common factor of 7785844 and 3124.
44
Calculate the greatest common factor of 3321 and 207952164.
1107
What is the greatest common divisor of 15886694 and 2537?
2537
Calculate the greatest common factor of 18652 and 736.
4
What is the highest common divisor of 319456 and 78524?
268
What is the greatest common divisor of 30 and 724035?
15
What is the greatest common factor of 486120 and 7440?
120
Calculate the greatest common factor of 351 and 67486887.
117
What is the highest common factor of 197777592 and 648?
216
What is the greatest common divisor of 96 and 37782480?
48
What is the greatest common factor of 38 and 6405451?
19
What is the highest common factor of 36844475 and 1645?
235
What is the greatest common divisor of 132071514 and 1788?
894
What is the highest common divisor of 11 and 86869?
1
What is the highest common divisor of 75340734 and 1281?
1281
Calculate the highest common factor of 3942436 and 544.
68
What is the highest common factor of 261 and 98155111?
29
What is the highest common factor of 39457 and 886006?
187
What is the highest common factor of 276818497 and 629?
629
Calculate the greatest comm